 the ten thousands digit of 2977899?
7
What is the ten thousands digit of 599191?
9
What is the hundreds digit of 281226?
2
What is the ten thousands digit of 70433?
7
What is the thousands digit of 7641?
7
What is the hundreds digit of 14128196?
1
What is the units digit of 166758?
8
What is the tens digit of 3918187?
8
What is the units digit of 295424?
4
What is the units digit of 11115995?
5
What is the ten thousands digit of 21375?
2
What is the units digit of 2994102?
2
What is the ten thousands digit of 526252?
2
What is the thousands digit of 14175289?
5
What is the hundred thousands digit of 115754?
1
What is the ten thousands digit of 962786?
6
What is the tens digit of 33562?
6
What is the hundreds digit of 81218?
2
What is the millions digit of 1876068?
1
What is the units digit of 405686?
6
What is the hundred thousands digit of 3905342?
9
What is the hundreds digit of 8108225?
2
What is the hundreds digit of 13778324?
3
What is the tens digit of 234086?
8
What is the tens digit of 423287?
8
What is the millions digit of 1160360?
1
What is the units digit of 591233?
3
What is the thousands digit of 183159?
3
What is the thousands digit of 349461?
9
What is the millions digit of 1627504?
1
What is the hundreds digit of 20012?
0
What is the hundreds digit of 15631?
6
What is the millions digit of 24663800?
4
What is the thousands digit of 34819598?
9
What is the hundred thousands digit of 1161033?
1
What is the thousands digit of 479621?
9
What is the thousands digit of 172712?
2
What is the units digit of 480613?
3
What is the units digit of 541078?
8
What is the tens digit of 743373?
7
What is the ten thousands digit of 5891543?
9
What is the hundreds digit of 266078?
0
What is the tens digit of 6823942?
4
What is the hundreds digit of 1760067?
0
What is the hundreds digit of 150911?
9
What is the hundred thousands digit of 6096001?
0
What is the tens digit of 8763707?
0
What is the tens digit of 12533034?
3
What is the ten thousands digit of 1259510?
5
What is the units digit of 201486?
6
What is the thousands digit of 1541900?
1
What is the units digit of 2358974?
4
What is the thousands digit of 35314744?
4
What is the units digit of 3255?
5
What is the units digit of 165612?
2
What is the ten thousands digit of 215256?
1
What is the units digit of 4304621?
1
What is the thousands digit of 877232?
7
What is the units digit of 8410?
0
What is the tens digit of 3155631?
3
What is the tens digit of 13060424?
2
What is the hundreds digit of 95919?
9
What is the units digit of 182070?
0
What is the ten thousands digit of 5763531?
6
What is the tens digit of 337098?
9
What is the hundreds digit of 423511?
5
What is the hundred thousands digit of 3753333?
7
What is the tens digit of 81739?
3
What is the thousands digit of 625618?
5
What is the units digit of 328310?
0
What is the millions digit of 24287308?
4
What is the units digit of 200416?
6
What is the units digit of 3695701?
1
What is the hundred thousands digit of 8232294?
2
What is the units digit of 1843201?
1
What is the units digit of 698870?
0
What is the ten thousands digit of 1591072?
9
What is the hundreds digit of 7528940?
9
What is the hundred thousands digit of 2798157?
7
What is the hundred thousands digit of 227167?
2
What is the units digit of 98852?
2
What is the units digit of 1580368?
8
What is the units digit of 70813?
3
What is the millions digit of 1613094?
1
What is the hundreds digit of 8880746?
7
What is the ten thousands digit of 3997480?
9
What is the thousands digit of 13336775?
6
What is the units digit of 34482125?
5
What is the ten thousands digit of 5580057?
8
What is the thousands digit of 257287?
7
What is the ten thousands digit of 107521?
0
What is the units digit of 828266?
6
What is the hundreds digit of 932624?
6
What is the units digit of 1623283?
3
What is the millions digit of 1001166?
1
What is the units digit of 5698577?
7
What is the hundred thousands digit of 615255?
6
What is the hundred thousands digit of 9496035?
4
What is the tens digit of 443814?
1
What is the ten thousands digit of 1349336?
4
What is the hundreds digit of 141795?
7
What is the hundred thousands digit of 10926032?
9
What is the units digit of 43627?
7
What is the hundreds digit of 120009?
0
What is the tens digit of 38367?
6
What is the thousands digit of 399914?
9
What is the hundreds digit of 213963?
9
What is the units digit of 254606?
6
What is the units digit of 3438452?
2
What is the millions digit of 6852303?
6
What is the units digit of 10072715?
5
What is the units digit of 171076?
6
What is the ten thousands digit of 1758543?
5
What is the thousands digit of 863541?
3
What is the tens digit of 2443339?
3
What is the hundreds digit of 159520?
5
What is the ten thousands digit of 1886882?
8
What is the tens digit of 24073249?
4
What is the ten thousands digit of 4358199?
5
What is the ten thousands digit of 8522375?
2
What is the units digit of 1943275?
5
What is the thousands digit of 5499226?
9
What is the thousands digit of 1140261?
0
What is the tens digit of 642570?
7
What is the thousands digit of 557515?
7
What is the ten thousands digit of 5195338?
9
What is the ten thousands digit of 145054?
4
What is the thousands digit of 3177160?
7
What is the ten millions digit of 11635078?
1
What is the units digit of 269920?
0
What is the hundreds digit of 417706?
7
What is the hundreds digit of 4391714?
7
What is the units digit of 593594?
4
What is the millions digit of 5467550?
5
What is the hundreds digit of 8135548?
5
What is the tens digit of 6755817?
1
What is the units digit of 1703437?
7
What is the units digit of 8301400?
0
What is the thousands digit of 2168552?
8
What is the tens digit of 6812723?
2
What is the hundreds digit of 52481?
4
What is the units digit of 15461?
1
What is the units digit of 15522194?
4
What is the hundreds digit of 2461834?
8
What is the hundred thousands digit of 351094?
3
What is the units digit of 185408?
8
What is the hundred thousands digit of 10306816?
3
What is the millions digit of 13951744?
3
What is the ten thousands digit of 377788?
7
What is the hundred thousands digit of 1377648?
3
What is the thousands digit of 260857?
0
What is the tens digit of 7166197?
9
What is the hundred thousands digit of 6031903?
0
What is the tens digit of 236973?
7
What is the hundreds digit of 6491?
4
What is the ten millions digit of 12245394?
1
What is the units digit of 30178003?
3
What is the hundreds digit of 259602?
6
What is the hundred thousands digit of 3351522?
3
What is the ten thousands digit of 2894370?
9
What is the hundred thousands digit of 4696906?
6
What is the hundreds digit of 115811?
8
What is the millions digit of 1437781?
1
What is the hundreds digit of 1038631?
6
What is the hundreds digit of 49004?
0
What is the ten thousands digit of 71517?
7
What is the hundreds digit of 3055314?
3
What is the thousands digit of 1251466?
1
What is the hundred thousands digit of 7823081?
8
What is the ten thousands digit of 383963?
8
What is the thousands digit of 8810313?
0
What is the thousands digit of 6804379?
4
What is the tens digit of 47242?
4
What is the hundreds digit of 22807?
8
What is the millions digit of 1443985?
1
What is the tens digit of 18535728?
2
What is the ten thousands digit of 254521?
5
What is the units digit of 7356631?
1
What is the units digit of 246610?
0
What is the units digit of 9136154?
4
What is the tens digit of 196803?
0
What is the units digit of 1336555?
5
What is the units digit of 244388?
8
What is the tens digit of 120175?
7
What is the ten thousands digit of 133417?
3
What is the hundreds digit of 24966862?
8
What is the tens digit of 17910998?
9
What is the tens digit of 2918936?
3
What is the hundred thousands digit of 234523?
2
What is the ten thousands digit of 8359810?
5
What is the ten millions digit of 31007794?
3
What is the hundreds digit of 14426286?
2
What is the units digit of 14738638?
8
What is the hundred thousands digit of 20049539?
0
What is the hundreds digit of 1434564?
5
What is the units digit of 9210453?
3
What is the millions digit of 2082886?
2
What is the units digit of 126115?
5
What is the units digit of 512703?
3
What is the ten thousands digit o